6194 a multiple of 70?
False
Does 374 divide 24124122?
True
Is 15074195 a multiple of 305?
False
Is 388605802 a multiple of 90?
False
Is 302 a factor of 834994019?
False
Is 19372199 a multiple of 11?
True
Is 1675919712 a multiple of 19?
False
Is 2 a factor of 47407296?
True
Is 329226282 a multiple of 54?
True
Is 361 a factor of 282303335?
False
Does 1621 divide 859942121?
True
Is 3 a factor of 9818856?
True
Is 811 a factor of 20804391?
False
Is 32 a factor of 20501761?
False
Is 28 a factor of 198856700?
True
Is 15391293 a multiple of 648?
False
Is 1245 a factor of 409779300?
True
Does 2 divide 2347210?
True
Is 243928521 a multiple of 5152?
False
Does 66 divide 8564820?
True
Does 216 divide 272608200?
True
Is 110 a factor of 21244740?
True
Is 199382384 a multiple of 2?
True
Is 155642531 a multiple of 59?
True
Is 1132709132 a multiple of 4?
True
Does 22 divide 15798302?
False
Is 202 a factor of 5318284?
False
Is 4083 a factor of 327256533?
True
Is 20650350 a multiple of 10?
True
Is 32898864 a multiple of 6?
True
Does 14 divide 240012906?
True
Does 215 divide 26794375?
True
Does 9 divide 7194793?
False
Is 100019300 a multiple of 20?
True
Is 21097872 a multiple of 8?
True
Is 70824590 a multiple of 5?
True
Does 151 divide 478893049?
False
Is 12375613 a multiple of 4?
False
Is 1120 a factor of 17700480?
True
Does 2934 divide 246708338?
False
Is 51138801 a multiple of 9?
True
Is 34594602 a multiple of 14?
True
Does 22 divide 58633883?
False
Is 8275 a factor of 1107608750?
True
Is 1507893030 a multiple of 2414?
True
Is 1515 a factor of 91112993?
False
Is 1128215022 a multiple of 261?
False
Does 114 divide 3642116139?
False
Is 419646951 a multiple of 9?
True
Does 23 divide 54942193?
True
Is 20 a factor of 3080400?
True
Is 20370766 a multiple of 2563?
False
Does 1103 divide 208320496?
False
Does 1174 divide 82400248?
False
Is 3628611594 a multiple of 94?
True
Is 195434879 a multiple of 25?
False
Is 8943566 a multiple of 37?
True
Does 14 divide 58205940?
False
Does 32 divide 168426400?
True
Is 9 a factor of 8135?
False
Is 19759958 a multiple of 178?
True
Is 46878225 a multiple of 1675?
True
Is 2161986707 a multiple of 367?
False
Is 266 a factor of 242998915?
False
Is 559 a factor of 2381487017?
True
Is 138 a factor of 286877988?
True
Does 66 divide 145689192?
True
Does 42 divide 13851936?
True
Is 831 a factor of 90362920?
False
Is 90 a factor of 14266800?
True
Is 47 a factor of 465311466?
False
Is 822 a factor of 686051064?
True
Is 214 a factor of 11111950?
True
Is 3992 a factor of 308557648?
True
Does 34 divide 141947406?
False
Does 19 divide 6081103?
False
Is 120942554 a multiple of 3268?
False
Is 24091518 a multiple of 41?
True
Is 58 a factor of 338161915?
False
Is 697 a factor of 61368921?
False
Is 4086034691 a multiple of 5706?
False
Does 240 divide 65255978?
False
Is 1579856445 a multiple of 45?
True
Is 22824757 a multiple of 19?
True
Is 101546504 a multiple of 4241?
True
Does 92 divide 83619812?
True
Is 24 a factor of 138694307?
False
Is 1326 a factor of 4914156?
True
Is 6 a factor of 173380254?
True
Does 281 divide 37193722?
True
Does 2 divide 2617429?
False
Does 7 divide 1305366?
False
Does 20 divide 78464798?
False
Is 51441542 a multiple of 9?
False
Does 1912 divide 598450264?
True
Does 1568 divide 2244008704?
True
Is 74 a factor of 264098481?
False
Is 324225509 a multiple of 149?
False
Is 41 a factor of 873915?
True
Is 1096191368 a multiple of 1668?
False
Is 2918733345 a multiple of 33?
True
Does 11 divide 67535776?
True
Is 18 a factor of 611881974?
True
Is 327 a factor of 38018001?
True
Is 34041414 a multiple of 158?
False
Is 56 a factor of 3302399960?
False
Is 2788758450 a multiple of 74?
True
Is 1285 a factor of 36079848?
False
Does 401 divide 13561419?
True
Is 2600378 a multiple of 613?
False
Does 48 divide 2049039642?
False
Is 93564120 a multiple of 104?
True
Is 261 a factor of 52760131?
False
Does 100 divide 841140640?
False
Does 89 divide 80397911?
False
Does 1286 divide 24408280?
True
Is 79 a factor of 687980190?
True
Is 437189650 a multiple of 137?
False
Is 521743819 a multiple of 213?
False
Is 203275642 a multiple of 7683?
False
Is 21326136 a multiple of 174?
True
Is 800 a factor of 6976800?
True
Is 3787 a factor of 77571441?
False
Does 109 divide 15724760?
False
Is 227114602 a multiple of 3867?
False
Is 429752690 a multiple of 155?
True
Is 301 a factor of 79377312?
True
Is 21118487 a multiple of 326?
False
Is 218595988 a multiple of 52?
True
Is 154021659 a multiple of 12?
False
Is 1455959052 a multiple of 10?
False
Is 26 a factor of 76542492?
True
Does 2221 divide 703319241?
False
Is 2035 a factor of 780831535?
True
Is 1592342479 a multiple of 88?
False
Is 6310240 a multiple of 9?
False
Is 1291 a factor of 58998319?
False
Is 14 a factor of 115549771?
False
Is 1123 a factor of 16111130?
False
Does 160 divide 1875467200?
True
Is 4 a factor of 32693491?
False
Does 4 divide 5832527?
False
Does 228 divide 75595307?
False
Is 1418 a factor of 523213640?
True
Does 44 divide 29150416?
False
Is 89 a factor of 676942?
False
Is 439929488 a multiple of 1583?
False
Is 26 a factor of 101406084?
True
Is 1599 a factor of 299683026?
False
Is 69162189 a multiple of 20?
False
Is 63 a factor of 119139993?
True
Is 2864 a factor of 1445881808?
True
Is 2856 a factor of 216467664?
True
Does 629 divide 8043446184?
False
Does 236 divide 35386312?
True
Is 3932740 a multiple of 140?
True
Does 11 divide 21474855?
False
Is 22663967 a multiple of 64?
False
Is 521312066 a multiple of 1660?
False
Is 106516689 a multiple of 1557?
False
Does 11 divide 1276218414?
False
Does 537 divide 4920432729?
True
Does 1567 divide 96904847?
True
Is 17 a factor of 50315182?
False
Does 32 divide 29579104?
True
Is 3533 a factor of 139648891?
True
Is 59945975 a multiple of 2388?
False
Is 2 a factor of 109114658?
True
Does 61 divide 49372701?
False
Is 14161392 a multiple of 27?
True
Does 3 divide 6813146?
False
Is 842704891 a multiple of 1975?
False
Does 4 divide 283032728?
True
Is 122 a factor of 56652896?
True
Is 201698703 a multiple of 4908?
False
Does 30 divide 288173460?
True
Does 305 divide 1619758894?
False
Is 637386610 a multiple of 2023?
True
Is 5205084 a multiple of 3?
True
Is 44 a factor of 1477258112?
True
Is 54780854 a multiple of 53?
False
Does 1699 divide 455518944?
False
Does 497 divide 192377226?
False
Is 2875 a factor of 845135000?
True
Does 5943 divide 923298537?
True
Is 27 a factor of 137896029?
False
Is 3 a factor of 1453197?
True
Is 909124076 a multiple of 7?
True
Is 988143433 a multiple of 48?
False
Does 405 divide 307572210?
False
Is 1094784 a multiple of 192?
True
Does 11 divide 4162180?
True
Is 56 a factor of 1745303271?
False
Is 1620903490 a multiple of 190?
True
Is 30950080 a multiple of 8?
True
Is 8250 a factor of 1872024000?
True
Does 83 divide 9956693?
False
Is 12 a factor of 2945134140?
True
Is 7 a factor of 121878379?
True
Is 4 a factor of 30335793?
False
Does 1752 divide 35150376?
True
Does 2245 divide 35982860?
True
Is 1007200128 a multiple of 2544?
True
Is 11 a factor of 196393340?
True
Does 1167 divide 216534516?
True
Is 22 a factor of 58387267?
False
Is 2020 a factor of 67479982?
False
Does 25 divide 11845100?
True
Is 6998244 a multiple of 5?
False
Is 1454 a factor of 5264699906?
True
Does 99 divide 4667325399?
True
Does 210 divide 1731423377?
False
Is 84 a factor of 207266052?
True
Is 263 a factor of 391759907?
False
Is 957885684 a multiple of 142?
False
Is 12546000 a multiple of 1230?
True
Is 141760 a multiple of 2215?
True
Is 21 a factor of 431045187?
False
Does 34 divide 14227756?
False
Is 2391084 a multiple of 17?
True
Is 177 a factor of 19293531?
True
Does 264 divide 133306284?
False
Is 329347858 a multiple of 1105?
False
Is 24 a factor of 31619112?
True
Does 66 divide 23123298?
True
Is 347281601 a multiple of 19?
True
Does 161 divide 15941737?
True
Does 54 divide 2493504?
True
Does 12 divide 549515952?
True
Is 9353035 a multiple of 107?
False
Is 9 a factor of 6930283?
False
Is 25 a factor of 370295945?
False
Does 2 divide 29183263?
False
Is 266 a factor of 38569006?
False
Is 168752183 a multiple of 17?
True
Is 1313576808 a multiple of 493?
True
Does 8387 divide 4093761796?
True
Is 977 a factor of 5207040?
False
Is 122862816 a multiple o